{"id":4130,"date":"2025-07-09T20:47:40","date_gmt":"2025-07-09T20:47:40","guid":{"rendered":"https:\/\/new.dexo.cz\/?post_type=reference&#038;p=4130"},"modified":"2026-04-29T09:20:49","modified_gmt":"2026-04-29T09:20:49","slug":"integrated-secondary-school-hodonin","status":"publish","type":"reference","link":"https:\/\/dexo.cz\/en\/reference\/integrated-secondary-school-hodonin\/","title":{"rendered":"Integrated secondary school Hodon\u00edn"},"content":{"rendered":"<p>The Hodon\u00edn Integrated Secondary School has a new vocational training workshop building. And we have divided it with SpaceTech glass partitions. The combination of solid and glazed panels delivers a functional and aesthetically balanced solution with a soundproofing of up to Rw 47 dB.<br \/>\nIn addition, the new building was awarded the title of Building of the South Moravian Region, where it took 1st place in the category of civic amenities.<\/p>\n<p>Proposal by Ing. arch. Tom\u00e1\u0161 Havl\u00ed\u010dek - Smart projekt<\/p>","protected":false},"featured_media":4131,"template":"","categories":[43],"class_list":["post-4130","reference","type-reference","status-publish","has-post-thumbnail","hentry","category-vestavby-do-hal"],"_links":{"self":[{"href":"https:\/\/dexo.cz\/en\/wp-json\/wp\/v2\/reference\/4130","targetHints":{"allow":["GET"]}}],"collection":[{"href":"https:\/\/dexo.cz\/en\/wp-json\/wp\/v2\/reference"}],"about":[{"href":"https:\/\/dexo.cz\/en\/wp-json\/wp\/v2\/types\/reference"}],"wp:featuredmedia":[{"embeddable":true,"href":"https:\/\/dexo.cz\/en\/wp-json\/wp\/v2\/media\/4131"}],"wp:attachment":[{"href":"https:\/\/dexo.cz\/en\/wp-json\/wp\/v2\/media?parent=4130"}],"wp:term":[{"taxonomy":"category","embeddable":true,"href":"https:\/\/dexo.cz\/en\/wp-json\/wp\/v2\/categories?post=4130"}],"curies":[{"name":"wp","href":"https:\/\/api.w.org\/{rel}","templated":true}]}}

Integrated secondary school Hodonín

<p>The Hodonín Integrated Secondary School has a new vocational training workshop building. And we have divided it with SpaceTech glass partitions. The combination of solid and glazed panels delivers a functional and aesthetically balanced solution with a soundproofing of up to Rw 47 dB.<br />
In addition, the new building was awarded the title of Building of the South Moravian Region, where it took 1st place in the category of civic amenities.</p>
<p>Proposal by Ing. arch. Tomáš Havlíček - Smart projekt</p>
