{"id":3682,"date":"2025-07-01T13:44:58","date_gmt":"2025-07-01T13:44:58","guid":{"rendered":"https:\/\/new.dexo.cz\/?post_type=produkty&#038;p=3682"},"modified":"2026-02-11T08:28:14","modified_gmt":"2026-02-11T08:28:14","slug":"bezramove-dvere","status":"publish","type":"produkty","link":"https:\/\/dexo.cz\/sk\/produkty\/bezramove-dvere\/","title":{"rendered":"Bezr\u00e1mov\u00e9 dvere"},"content":{"rendered":"<p>Bezr\u00e1mov\u00e9 sklenen\u00e9 dvere mo\u017eno in\u0161talova\u0165 do jednoduch\u00e9ho skla a akustick\u00e9ho dvojskla, ako aj do tehlov\u00fdch alebo sadrokart\u00f3nov\u00fdch stien.<br \/>\nSyst\u00e9m umo\u017e\u0148uje pou\u017eitie spodn\u00e9ho tesnenia, ktor\u00e9 utes\u0148uje prahov\u00fd priestor pri zatvoren\u00fdch dver\u00e1ch. Profil umiestnen\u00fd na spodnom okraji kr\u00eddla presne zodpoved\u00e1 rozmerom profilu, ktor\u00fd upev\u0148uje pevn\u00e9 zasklenie, \u010do zaru\u010duje spo\u013eahliv\u00fa a elegantn\u00fa mont\u00e1\u017e.<\/p>","protected":false},"featured_media":4841,"template":"","categories":[54,39],"tags":[],"class_list":["post-3682","produkty","type-produkty","status-publish","has-post-thumbnail","hentry","category-dvere","category-prosklene-pricky"],"_links":{"self":[{"href":"https:\/\/dexo.cz\/sk\/wp-json\/wp\/v2\/produkty\/3682","targetHints":{"allow":["GET"]}}],"collection":[{"href":"https:\/\/dexo.cz\/sk\/wp-json\/wp\/v2\/produkty"}],"about":[{"href":"https:\/\/dexo.cz\/sk\/wp-json\/wp\/v2\/types\/produkty"}],"wp:featuredmedia":[{"embeddable":true,"href":"https:\/\/dexo.cz\/sk\/wp-json\/wp\/v2\/media\/4841"}],"wp:attachment":[{"href":"https:\/\/dexo.cz\/sk\/wp-json\/wp\/v2\/media?parent=3682"}],"wp:term":[{"taxonomy":"category","embeddable":true,"href":"https:\/\/dexo.cz\/sk\/wp-json\/wp\/v2\/categories?post=3682"},{"taxonomy":"post_tag","embeddable":true,"href":"https:\/\/dexo.cz\/sk\/wp-json\/wp\/v2\/tags?post=3682"}],"curies":[{"name":"wp","href":"https:\/\/api.w.org\/{rel}","templated":true}]}}

Bezrámové dvere

<p>Bezrámové sklenené dvere možno inštalovať do jednoduchého skla a akustického dvojskla, ako aj do tehlových alebo sadrokartónových stien.<br />
Systém umožňuje použitie spodného tesnenia, ktoré utesňuje prahový priestor pri zatvorených dverách. Profil umiestnený na spodnom okraji krídla presne zodpovedá rozmerom profilu, ktorý upevňuje pevné zasklenie, čo zaručuje spoľahlivú a elegantnú montáž.</p>
