{"id":4418,"date":"2025-07-28T10:02:23","date_gmt":"2025-07-28T10:02:23","guid":{"rendered":"https:\/\/new.dexo.cz\/?post_type=produkty&#038;p=4418"},"modified":"2026-02-18T08:30:07","modified_gmt":"2026-02-18T08:30:07","slug":"mechove-steny","status":"publish","type":"produkty","link":"https:\/\/dexo.cz\/sk\/produkty\/mechove-steny\/","title":{"rendered":"Machov\u00e9 steny"},"content":{"rendered":"<p>Vneste do svojho interi\u00e9ru pokoj, svie\u017eos\u0165 a jedine\u010dn\u00fd \u0161t\u00fdl. Machov\u00e9 steny z prav\u00e9ho \u0161kandin\u00e1vskeho alebo alpsk\u00e9ho machu sp\u00e1jaj\u00fa modern\u00fa architekt\u00faru s pr\u00edrodou a vytv\u00e1raj\u00fa harmonick\u00e9 prostredie, ktor\u00e9 p\u00f4sob\u00ed upokojuj\u00faco, \u010di u\u017e v k\u00fape\u013eni, k\u00fape\u013eoch alebo ob\u00fdva\u010dke.<\/p>\n<p>Ka\u017ed\u00fd kus je origin\u00e1l, navrhnut\u00fd na mieru v\u00e1\u0161mu priestoru. Spolo\u010dne vyberieme ide\u00e1lnu farbu a \u0161trukt\u00faru. Vytvorte si prirodzen\u00fd obraz, ktor\u00fd ka\u017ed\u00fd de\u0148 prinesie do v\u00e1\u0161ho interi\u00e9ru kr\u00e1su a harm\u00f3niu.<\/p>\n<p>Nev\u00e1hajte n\u00e1s kontaktova\u0165 <a href=\"https:\/\/dexo.cz\/sk\/kontakt\/\">Kontakt<\/a> pre konkr\u00e9tnu ponuku.<\/p>","protected":false},"featured_media":4419,"template":"","categories":[64,41],"tags":[],"class_list":["post-4418","produkty","type-produkty","status-publish","has-post-thumbnail","hentry","category-mechove-steny","category-dexo-living"],"_links":{"self":[{"href":"https:\/\/dexo.cz\/sk\/wp-json\/wp\/v2\/produkty\/4418","targetHints":{"allow":["GET"]}}],"collection":[{"href":"https:\/\/dexo.cz\/sk\/wp-json\/wp\/v2\/produkty"}],"about":[{"href":"https:\/\/dexo.cz\/sk\/wp-json\/wp\/v2\/types\/produkty"}],"wp:featuredmedia":[{"embeddable":true,"href":"https:\/\/dexo.cz\/sk\/wp-json\/wp\/v2\/media\/4419"}],"wp:attachment":[{"href":"https:\/\/dexo.cz\/sk\/wp-json\/wp\/v2\/media?parent=4418"}],"wp:term":[{"taxonomy":"category","embeddable":true,"href":"https:\/\/dexo.cz\/sk\/wp-json\/wp\/v2\/categories?post=4418"},{"taxonomy":"post_tag","embeddable":true,"href":"https:\/\/dexo.cz\/sk\/wp-json\/wp\/v2\/tags?post=4418"}],"curies":[{"name":"wp","href":"https:\/\/api.w.org\/{rel}","templated":true}]}}

Machové steny

<p>Vneste do svojho interiéru pokoj, sviežosť a jedinečný štýl. Machové steny z pravého škandinávskeho alebo alpského machu spájajú modernú architektúru s prírodou a vytvárajú harmonické prostredie, ktoré pôsobí upokojujúco, či už v kúpeľni, kúpeľoch alebo obývačke.</p>
<p>Každý kus je originál, navrhnutý na mieru vášmu priestoru. Spoločne vyberieme ideálnu farbu a štruktúru. Vytvorte si prirodzený obraz, ktorý každý deň prinesie do vášho interiéru krásu a harmóniu.</p>
<p>Neváhajte nás kontaktovať <a href="https://dexo.cz/sk/kontakt/">Kontakt</a> pre konkrétnu ponuku.</p>
