{"id":6677,"date":"2025-03-09T14:06:04","date_gmt":"2025-03-09T14:06:04","guid":{"rendered":"https:\/\/dexo.cz\/?post_type=reference&#038;p=6677"},"modified":"2026-04-27T09:59:03","modified_gmt":"2026-04-27T09:59:03","slug":"6677","status":"publish","type":"reference","link":"https:\/\/dexo.cz\/sk\/referencie\/6677\/","title":{"rendered":"\u010cSOB, Ostrava"},"content":{"rendered":"<p>V pobo\u010dke \u010cSOB v Ostrave sme realizovali interi\u00e9rov\u00e9 prie\u010dky na nieko\u013ek\u00fdch poschodiach. VIP z\u00f3ne dominuj\u00fa nov\u00e9 dreven\u00e9 steny a dvere, ktor\u00e9 dod\u00e1vaj\u00fa priestoru reprezentat\u00edvny charakter. Oddelenie Premium zaujme pr\u00e9miov\u00fdmi dizajnov\u00fdmi dverami Purian a akustick\u00fdmi stenami, ktor\u00e9 zabezpe\u010duj\u00fa vy\u0161\u0161\u00ed komfort pri jednan\u00ed s klientmi.<br \/>\nMedziposchodia s\u00fa vybaven\u00e9 na\u0161imi protipo\u017eiarnymi prie\u010dkami a dverami, zatia\u013e \u010do hlavn\u00fd vchod je doplnen\u00fd automatick\u00fdmi posuvn\u00fdmi dverami a oddelen\u00fdm priestorom na tich\u00fd a diskr\u00e9tny v\u00fdber hotovosti.<\/p>\n<p>N\u00e1vrh: Atelier ADDO<\/p>","protected":false},"featured_media":6679,"template":"","categories":[39],"class_list":["post-6677","reference","type-reference","status-publish","has-post-thumbnail","hentry","category-prosklene-pricky"],"_links":{"self":[{"href":"https:\/\/dexo.cz\/sk\/wp-json\/wp\/v2\/reference\/6677","targetHints":{"allow":["GET"]}}],"collection":[{"href":"https:\/\/dexo.cz\/sk\/wp-json\/wp\/v2\/reference"}],"about":[{"href":"https:\/\/dexo.cz\/sk\/wp-json\/wp\/v2\/types\/reference"}],"wp:featuredmedia":[{"embeddable":true,"href":"https:\/\/dexo.cz\/sk\/wp-json\/wp\/v2\/media\/6679"}],"wp:attachment":[{"href":"https:\/\/dexo.cz\/sk\/wp-json\/wp\/v2\/media?parent=6677"}],"wp:term":[{"taxonomy":"category","embeddable":true,"href":"https:\/\/dexo.cz\/sk\/wp-json\/wp\/v2\/categories?post=6677"}],"curies":[{"name":"wp","href":"https:\/\/api.w.org\/{rel}","templated":true}]}}

ČSOB, Ostrava

<p>V pobočke ČSOB v Ostrave sme realizovali interiérové priečky na niekoľkých poschodiach. VIP zóne dominujú nové drevené steny a dvere, ktoré dodávajú priestoru reprezentatívny charakter. Oddelenie Premium zaujme prémiovými dizajnovými dverami Purian a akustickými stenami, ktoré zabezpečujú vyšší komfort pri jednaní s klientmi.<br />
Medziposchodia sú vybavené našimi protipožiarnymi priečkami a dverami, zatiaľ čo hlavný vchod je doplnený automatickými posuvnými dverami a oddeleným priestorom na tichý a diskrétny výber hotovosti.</p>
<p>Návrh: Atelier ADDO</p>
